= -4*g(b) + s(b). Determine r(j).
2
Let l(a) = -2*a + 1. Suppose 3*j + 2*d + 1 = 0, 6*d = 2*j + 4*d - 16. Suppose b + 4*o = 7, -4*b - 1 = j*o - 3. What is l(b)?
3
Let t(q) = -q**3 + 5*q**2 + q. Let j be t(4). Suppose -5*a + 5 = -j. Let r(x) = -x + 6. Calculate r(a).
1
Let b(y) = -y + 2. Suppose 3*l + 7*k - 1 = 2*k, -4*l - 4*k = -4. Suppose -5*q - s = l*s - 30, 3*s - 24 = -3*q. Suppose -g - 5 = -q. Calculate b(g).
4
Suppose -20 = -4*b - 0*b. Suppose b*z + 20 = z. Let n(i) = i**2 + 5*i + 4. What is n(z)?
4
Let b be (-2)/(-3)*18/4. Suppose -b*x = x. Let f(l) = 7*l**2 - l. Let w(m) = -6*m**2 + m. Let u(p) = 5*f(p) + 6*w(p). Calculate u(x).
0
Let i(n) = -n**3 - 3*n**2 + 7*n + 6. Suppose 2*h = 2*s - 80, 3*s = -9 + 3. Let u be (-2)/(-3) - h/(-9). Calculate i(u).
-6
Let n(o) = -o**2 + 5*o + 9. Let w(p) = -p**3 - 10*p**2 + 24*p + 8. Let t be w(-12). Determine n(t).
-15
Let g = 7 + -7. Let h be (-2)/(g - (-4)/12). Let z(b) = b**2 + 6*b + 6. Calculate z(h).
6
Let b = -6 - -73. Suppose s + 41 = 4*m, 0*m + 4*s - b = -5*m. Suppose 4 = 5*u - m. Let q(g) = -g**3 + 2*g**2 + 5*g - 3. Calculate q(u).
3
Let x(m) = -11*m**3 + m**2 + m - 1. Let w be ((-65)/(-10))/(2/4). Suppose -3*q - 2*i + w = 0, -12 = -3*q + q - 2*i. Calculate x(q).
-10
Let v(o) = 3*o**2. Let a(f) = -f - 1. Let j be a(-11). Let x(m) = -m + 11. Let c be x(j). Calculate v(c).
3
Let o(m) be the third derivative of -m**4/12 + 2*m**3/3 - 7*m**2. Calculate o(5).
-6
Let q(d) = -d. Let s be q(-4). Let b(c) = -10*c + 5*c**2 + 2*c + 4 - s*c**2. What is b(8)?
4
Let d(x) = x**2 + 4*x + 3. Suppose -3*m + 18 + 15 = 0. Suppose 3*s = -m - 1. Calculate d(s).
3
Let p(u) be the first derivative of u**2/2 - 4*u + 31. Give p(2).
-2
Let k = -3 + 4. Let w(i) = 11*i**2 - 5*i - 1. Let p(y) = 12*y**2 - 6*y - 1. Let r(x) = 5*p(x) - 6*w(x). Determine r(k).
-5
Let r(f) = -2*f - 2*f**3 + 0*f**3 + 1 + 0 - 2*f**3. Let z be r(1). Let v(x) = x**2 + 4*x + 5. Calculate v(z).
10
Let t(j) = -j - 1. Let y(a) be the second derivative of -a**3/6 + 2*a**2 + 2*a. Let k be y(3). Let h be -3*1/(k + -2). Give t(h).
-4
Let n(b) be the first derivative of 5*b**2 - 1 - 1/6*b**3 - 1/12*b**4 + b. Let v(r) be the first derivative of n(r). Determine v(0).
10
Let y = -2 + 2. Let x(s) = s**2 + 1. Let q(k) = 6*k**2 - k - 3. Suppose 0*a - 5*a = 25. Let t(b) = a*x(b) + q(b). Give t(y).
-8
Let m = -57 + 51. Let f(s) be the second derivative of s**5/20 + 5*s**4/12 - s**3 + s**2/2 - s. What is f(m)?
1
Let r(q) be the first derivative of -7*q**3/6 + q**2/2 - 2*q + 3. Let c(a) be the first derivative of r(a). Give c(1).
-6
Let h be ((-10)/25)/((-12)/5). Let t(d) be the second derivative of 0*d**3 - h*d**4 + 2*d - 2*d**2 - 1/20*d**5 + 0. Calculate t(-3).
5
Let k(s) = -s**3 + 5*s**2 + 5*s - 1. Let p = 7 + -1. Give k(p).
-7
Let y(k) = -4*k**2 - 6*k - 6. Let m(j) = 6*j**2 + 3 + 9*j + 3 + 3. Let p(w) = 5*m(w) + 7*y(w). Determine p(-2).
5
Suppose -3*j - s + 8 = -2*s, -5 = -3*j + 4*s. Let w(i) = -5*i + 2. Let r(o) = -3*o + 1. Let n(b) = 8*r(b) - 5*w(b). Determine n(j).
1
Let h be (-4)/18 - (-76)/18. Suppose -3 = -h*j + 1. Let u(f) = 19*f - 9*f - 4*f. Give u(j).
6
Let t(d) = 2*d - 7. Let q(v) = -v + 3. Let n(p) = -9*q(p) - 4*t(p). Determine n(2).
3
Let d(q) = -q**2 - 8*q + 5. Let x(o) = -2*o**2 - 16*o + 10. Let k(b) = -5*d(b) + 2*x(b). Calculate k(-8).
-5
Suppose -5*s + 23 = b, -5*s + s = -4*b - 28. Let o(j) = -j**2 + j + 2. What is o(b)?
-4
Let h(z) = -2*z**2 - 2*z - 3. Suppose -4 = -2*q - q + 2*b, -q - 27 = 5*b. Calculate h(q).
-7
Let m(f) = f**3 - f**2 + 2*f + 1. Suppose 3*s = 2*c - 7, 4*c - 5*s + 4 = 19. Suppose j + 2 = c. Suppose -j*b - n + 2 = -8, -b + 2*n = 6. Determine m(b).
9
Let u(y) = -y. Let o(l) = 5*l**2 - l. Let k be o(-1). Calculate u(k).
-6
Let u = 18 - 19. Let r(k) = -11*k**2 + 2*k + 1. Determine r(u).
-12
Let x be (2/(-4))/((-5)/10). Let z(q) = 5 - 3*q + 2*q - 4*q**2 + 0*q**2 - 4. Determine z(x).
-4
Let j(b) be the third derivative of b**4/24 + 5*b**3/3 - b**2. Let q(h) = -h**2 + 7*h + 8. Let d(p) = 1. Let t(y) = 5*d(y) + q(y). Let l be t(9). What is j(l)?
5
Let q(m) be the third derivative of m**4/12 + m**3 + 4*m**2. Calculate q(-5).
-4
Let n be (-32)/(-14) + 2/(-7). Let l(j) = j - 4*j**n - 3 - 2 + 3*j**2. Calculate l(0).
-5
Let l(v) be the first derivative of -5*v**2/2 - 2*v - 7. Calculate l(3).
-17
Let v(j) be the second derivative of -6*j + 0 + 0*j**2 + 7/6*j**3. What is v(-2)?
-14
Let m = 8 - 4. Let i be (1*m)/(8/(-4)). Let q(b) = -b**3 - 2*b**2 + 4*b + 3. Give q(i).
-5
Suppose -10*g + 78 = 3*g. Let d(z) = z**2 - 5*z - 6. Determine d(g).
0
Let g(c) = -2*c - 2. Let p(h) = h**2 - 3*h - 2. Let t be p(3). Determine g(t).
2
Let m(p) be the second derivative of -p**4/6 + p**3/6 + p**2/2 + 5*p. Give m(2).
-5
Let h(j) be the second derivative of 3*j + 0 + j**2 + 1/12*j**4 + 2/3*j**3. Calculate h(-2).
-2
Let g(u) be the second derivative of u**4/12 - u**3 + 3*u**2 + u. Let x(q) = -q**3 + 2*q**2 + 2*q - 2. Let k be x(-2). Suppose -n - n + k = 0. What is g(n)?
1
Let j(v) = v**2 - 9*v + 11. Let t be j(8). Let n(k) = 5 - 2 + k + 1 - k**2. Calculate n(t).
-2
Let r(j) = -4*j + 4 + 0*j + 5*j + 9. Suppose 3*o + 0*o - 3*p + 18 = 0, -3*o = p + 18. Calculate r(o).
7
Let q(o) be the second derivative of o**5/20 - o**4/2 + 2*o**3/3 + 7*o**2/2 + o. Let p = -5 - -10. What is q(p)?
2
Let o(u) be the second derivative of u - 2/3*u**3 + 1/4*u**4 - 3*u**2 + 0. Let c(i) = -2*i**2 + 3*i + 5. Let j(t) = 5*c(t) + 4*o(t). Determine j(2).
7
Let l(s) = 7*s**2 + 8*s - 1. Let m(y) = 4*y**2 + 4*y - 1. Let r(q) = -3*l(q) + 5*m(q). What is r(-5)?
-7
Let c(z) = 2*z + 3. Suppose -4*y + 5*b + 22 = 0, 5*b - 5 + 0 = -5*y. Determine c(y).
9
Let c(z) = 31 + z - 62 + 21 + 20. What is c(-8)?
2
Let t(r) = -r**3 + 5*r**2 - 4*r. Let x = 9 - 6. Calculate t(x).
6
Let n(z) be the second derivative of -z**3/6 - 2*z. Let f(i) = i - 1. Let r be f(-3). Calculate n(r).
4
Let f(r) = r + 6. Let z = 37 - 43. Give f(z).
0
Let d(o) be the third derivative of -o**6/120 + o**5/15 + 5*o**4/24 + o**3/6 - 6*o**2. Calculate d(5).
1
Let w(t) = 4. Let r(o) be the first derivative of o**2/2 + 5*o + 1. Let h(p) = 5*r(p) - 6*w(p). Let y be (-12)/(-8)*(-2)/(-3). Give h(y).
6
Let o(k) be the third derivative of k**5/60 + 7*k**4/24 - 3*k**3/2 + 2*k**2. Let i be o(-7). Let n = 5 + i. Let r(a) = a**2 + 3*a - 5. Calculate r(n).
-1
Suppose -4*x + b + 8 = 3, b - 7 = -2*x. Let g(y) be the third derivative of 0*y + 1/120*y**6 + 0*y**5 + 1/3*y**3 + 0*y**4 - 3*y**x + 0. Determine g(-2).
-6
Suppose 43 - 57 = 7*k. Let b(z) = 2 - 7 - 2*z + 3. What is b(k)?
2
Let j(z) = -9*z + 2 - 3 + 5*z - 1. Calculate j(-2).
6
Let j be -2*1/(-4)*10/1. Let s(x) = -x**3 + 5*x**2 + 7. Calculate s(j).
7
Let m(z) be the first derivative of z**4/2 - z**3/3 - 2*z**2 + 3*z + 6. Give m(2).
7
Let f(p) = -6*p - 2. Let l = 6 + -6. Suppose 8 = -l*w - 4*w. What is f(w)?
10
Let c(w) = w**2 + 6*w - 6. Let f(h) = -h + 4. Let j be f(10). Determine c(j).
-6
Let z = 1 - 3. Let o = z + 0. Let p(u) = -u**3 - 2*u**2 + 2*u + 3. What is p(o)?
-1
Let t(s) = -1. Let o(a) = -3*a + 6 + 3*a + 0*a - a. Let k(j) = -o(j) - 3*t(j). Let h = -1 + -2. What is k(h)?
-6
Let o(x) = -2*x + 3 - 3 + 3*x. Let b be o(-1). Let n(y) = y**2 - y - 1. Determine n(b).
1
Let q(h) be the second derivative of h**3/2 - 3*h**2/2 + h. Suppose -24 = -3*x - x. Suppose x = 3*b - 2*v, -4*v = -5*v. Determine q(b).
3
Let d(b) = -10 + b + 3 - 4. Suppose -o - 17 = -3*u, 0*u - 4*o + 7 = 3*u. Determine d(u).
-6
Let y(q) = q + 7. Let s be 52/8 + (-6)/(-4). Let m be ((-2)/(-4))/(2/s). Let p(c) = 4*c - 3. Let d be p(m). Give y(d).
12
Let u(t) = -11*t**2 + 2*t + 1. Let o(f) = f**2 - 4*f - 1. Let z be o(4). What is u(z)?
-12
Let t = -29 + 27. Suppose -r - 1 = 3*i, -2*r - 7 = 1. Let s(a) = i - 5*a - 1 - 2. Calculate s(t).
8
Suppose 4*v + 3*s - 9 = 0, -3*s + 0*s - 39 = -4*v. Let k(z) = -z**2 + 5*z + 7. Calculate k(v).
1
Let a(c) be the third derivative of c**4/24 - c**3/6 - c**2. Let n = -9 + 11. Calculate a(n).
1
Let g(p) = -p**2 - p - 1. Suppose 0*b = 2*b + 4*h - 14, 6 = 2*b - 4*h. Suppose y + 0 = 5*z + 3, 0 = -b*z - 2*y - 9. Determine g(z).
-1
Let l be 0 - 2 - 1*-5. Suppose 2*v = 4*t + 18, -3*v + l*t + 15 = -0*v. Let n(g) = -3*g - 4. Let o(w) = -w - 1. Let r(j) = v*n(j) - o(j). What is r(-3)?
3
Let d(k) = k - 14.